{"id":155,"date":"2015-07-04T13:13:37","date_gmt":"2015-07-04T11:13:37","guid":{"rendered":"http:\/\/laerkehoej.dk\/?page_id=155"},"modified":"2024-03-21T12:28:01","modified_gmt":"2024-03-21T11:28:01","slug":"maalsaetninger","status":"publish","type":"page","link":"https:\/\/www.laerkehoej.dk\/?page_id=155","title":{"rendered":"M\u00e5ls\u00e6tninger"},"content":{"rendered":"<p>Vores tilgang til arbejdet p\u00e5 L\u00e6rkeh\u00f8j er:<\/p>\n<ul>\n<li>At st\u00f8tte den enkelte til at forbedre sin generelle sociale situation, sine boligforhold og sin livskvalitet.<\/li>\n<li>At sikre alle beboere et s\u00e5 fagligt kvalificeret og helhedsorienteret tilbud som muligt.<\/li>\n<li>At yde en velovervejet og mangesidig omsorg og hj\u00e6lp, der er tilpasset den enkeltes behov.<\/li>\n<li>At m\u00f8de alle beboere og brugere fordomsfrit og med respekt, accept og tillid.<\/li>\n<li>At inddrage beboere og brugere i alle forhold omkring deres situation, s\u00e5 vi ikke handler for, men sammen med beboere og brugere.<\/li>\n<li>At bidrage til den politiske og offentlige debat p\u00e5 hjeml\u00f8seomr\u00e5det.<\/li>\n<\/ul>\n","protected":false},"excerpt":{"rendered":"<p>Vores tilgang til arbejdet p\u00e5 L\u00e6rkeh\u00f8j er: At st\u00f8tte den enkelte til at forbedre sin generelle sociale situation, sine boligforhold og sin livskvalitet. At sikre alle beboere et s\u00e5 fagligt kvalificeret og helhedsorienteret tilbud som muligt. At yde en velovervejet&hellip;<\/p>\n","protected":false},"author":3,"featured_media":0,"parent":8,"menu_order":1,"comment_status":"closed","ping_status":"closed","template":"","meta":{"footnotes":""},"class_list":["post-155","page","type-page","status-publish","hentry"],"_links":{"self":[{"href":"https:\/\/www.laerkehoej.dk\/index.php?rest_route=\/wp\/v2\/pages\/155","targetHints":{"allow":["GET"]}}],"collection":[{"href":"https:\/\/www.laerkehoej.dk\/index.php?rest_route=\/wp\/v2\/pages"}],"about":[{"href":"https:\/\/www.laerkehoej.dk\/index.php?rest_route=\/wp\/v2\/types\/page"}],"author":[{"embeddable":true,"href":"https:\/\/www.laerkehoej.dk\/index.php?rest_route=\/wp\/v2\/users\/3"}],"replies":[{"embeddable":true,"href":"https:\/\/www.laerkehoej.dk\/index.php?rest_route=%2Fwp%2Fv2%2Fcomments&post=155"}],"version-history":[{"count":4,"href":"https:\/\/www.laerkehoej.dk\/index.php?rest_route=\/wp\/v2\/pages\/155\/revisions"}],"predecessor-version":[{"id":655,"href":"https:\/\/www.laerkehoej.dk\/index.php?rest_route=\/wp\/v2\/pages\/155\/revisions\/655"}],"up":[{"embeddable":true,"href":"https:\/\/www.laerkehoej.dk\/index.php?rest_route=\/wp\/v2\/pages\/8"}],"wp:attachment":[{"href":"https:\/\/www.laerkehoej.dk\/index.php?rest_route=%2Fwp%2Fv2%2Fmedia&parent=155"}],"curies":[{"name":"wp","href":"https:\/\/api.w.org\/{rel}","templated":true}]}}