{"id":21,"date":"2015-07-10T19:57:19","date_gmt":"2015-07-10T17:57:19","guid":{"rendered":"http:\/\/laerkehoej.dk\/?page_id=21"},"modified":"2026-04-29T15:10:27","modified_gmt":"2026-04-29T13:10:27","slug":"natvarmestuen","status":"publish","type":"page","link":"https:\/\/www.laerkehoej.dk\/?page_id=21","title":{"rendered":"Natvarmestuen"},"content":{"rendered":"<div class=\"wpb-content-wrapper\">[vc_row full_width=&#8221;&#8221; parallax=&#8221;&#8221; parallax_image=&#8221;&#8221; visibility=&#8221;&#8221; css_animation=&#8221;&#8221; center_row=&#8221;&#8221; typography_style=&#8221;&#8221; column_spacing=&#8221;&#8221; tablet_fullwidth_cols=&#8221;&#8221; bg_style=&#8221;&#8221; parallax_mobile=&#8221;&#8221; parallax_style=&#8221;&#8221; parallax_direction=&#8221;&#8221; video_bg=&#8221;&#8221; video_bg_overlay=&#8221;&#8221; border_style=&#8221;&#8221;][vc_column width=&#8221;1\/1&#8243; style=&#8221;&#8221; visibility=&#8221;&#8221; css_animation=&#8221;&#8221; typo_style=&#8221;&#8221; drop_shadow=&#8221;&#8221; bg_style=&#8221;&#8221; border_style=&#8221;&#8221;][vc_column_text]<a href=\"http:\/\/laerkehoej.dk\/wp-content\/uploads\/2015\/08\/LH-Natvarmestuen-KFUKSA_CLU2236-1.jpg\"><img loading=\"lazy\" decoding=\"async\" class=\"alignnone wp-image-318 size-full\" src=\"http:\/\/laerkehoej.dk\/wp-content\/uploads\/2015\/08\/LH-Natvarmestuen-KFUKSA_CLU2236-1.jpg\" alt=\"Natvarmestuen\" width=\"1200\" height=\"500\" srcset=\"https:\/\/www.laerkehoej.dk\/wp-content\/uploads\/2015\/08\/LH-Natvarmestuen-KFUKSA_CLU2236-1.jpg 1200w, https:\/\/www.laerkehoej.dk\/wp-content\/uploads\/2015\/08\/LH-Natvarmestuen-KFUKSA_CLU2236-1-300x125.jpg 300w, https:\/\/www.laerkehoej.dk\/wp-content\/uploads\/2015\/08\/LH-Natvarmestuen-KFUKSA_CLU2236-1-1024x427.jpg 1024w\" sizes=\"auto, (max-width: 1200px) 100vw, 1200px\" \/><\/a><\/p>\n<p><strong>\u00a0<\/strong><\/p>\n<p style=\"text-align: center;\"><strong>**** OBS ****<\/strong><\/p>\n<p><em>K\u00e6re samarbejdspartner<\/em><\/p>\n<p><em>Da vores natvarmestue i h\u00f8j grad tr\u00e6nger til en opdatering, ser vi os desv\u00e6rre n\u00f8dsagede til at lukke i en periode pga. renovering.<\/em><\/p>\n<p><strong><em>Lukningen sker fra og med d. 05.05.26 og ca. 3 m\u00e5neder frem.<br \/>\n<\/em><em>Vi forventer at kunne \u00e5bne natvarmestuen igen d. 10.08.26.<\/em><\/strong><\/p>\n<p><em>Vi h\u00e5ber, at I alle vil v\u00e6re med til at formidle denne information ud til relevante kolleger og borgere, og vi gl\u00e6der os til at tage imod igen i flotte, v\u00e6rdige lokaler.<\/em><\/p>\n<p>Natvarmestuen p\u00e5 L\u00e6rkeh\u00f8j er et gratis og uforpligtende tilbud til dig, der st\u00e5r uden et sted at sove i nat. Du vi blive spurgt om navn, cpr. nr. og nationalitet. Oplysningerne er dog kun til intern brug og omfattet af den almindelige tavshedspligt.\u00a0Natvarmestuen er beregnet til mennesker, der b\u00e5de har sv\u00e6re sociale problemer og misbrug og\/eller psykiske problemer.<\/p>\n<p style=\"text-align: center;\">&#8212;&#8212;&#8212;&#8212;&#8212;&#8212;&#8212;&#8212;&#8212;&#8212;&#8212;-<\/p>\n<p>Hvis du blot er boligs\u00f8gende eller p\u00e5 gennemrejse, kan vi desv\u00e6rre ikke hj\u00e6lpe dig med et sted at sove.<\/p>\n<p>Du kan ikke bestille plads, men skal blot m\u00f8de op. Vi\u00a0er et lille sted med kun\u00a014 senge. Vi lukker max 16 ind om natten.\u00a0 \u00d8vrige vil blive henvist til andre steder<\/p>\n<p>Vi kan tilbyde:<\/p>\n<ul>\n<li>En ren og varm seng at sove i<\/li>\n<li>Gratis kaffe og te<\/li>\n<li>Et m\u00e5ltid mad samt morgenmad \u2013 for 20 kr.<\/li>\n<li>Mulighed for at f\u00e5 et bad<\/li>\n<li>Cafe med adgang til tv, spil, computer med internet mv.<\/li>\n<li>Hj\u00e6lp og st\u00f8tte til at komme videre.<\/li>\n<\/ul>\n[\/vc_column_text][\/vc_column][\/vc_row]\n<\/div>","protected":false},"excerpt":{"rendered":"<p>[vc_row full_width=&#8221;&#8221; parallax=&#8221;&#8221; parallax_image=&#8221;&#8221; visibility=&#8221;&#8221; css_animation=&#8221;&#8221; center_row=&#8221;&#8221; typography_style=&#8221;&#8221; column_spacing=&#8221;&#8221; tablet_fullwidth_cols=&#8221;&#8221; bg_style=&#8221;&#8221; parallax_mobile=&#8221;&#8221; parallax_style=&#8221;&#8221; parallax_direction=&#8221;&#8221; video_bg=&#8221;&#8221; video_bg_overlay=&#8221;&#8221; border_style=&#8221;&#8221;][vc_column width=&#8221;1\/1&#8243; style=&#8221;&#8221; visibility=&#8221;&#8221; css_animation=&#8221;&#8221; typo_style=&#8221;&#8221; drop_shadow=&#8221;&#8221; bg_style=&#8221;&#8221; border_style=&#8221;&#8221;][vc_column_text] \u00a0 **** OBS **** K\u00e6re samarbejdspartner Da vores natvarmestue i h\u00f8j grad tr\u00e6nger til en&hellip;<\/p>\n","protected":false},"author":12,"featured_media":0,"parent":0,"menu_order":0,"comment_status":"closed","ping_status":"closed","template":"","meta":{"footnotes":""},"class_list":["post-21","page","type-page","status-publish","hentry"],"_links":{"self":[{"href":"https:\/\/www.laerkehoej.dk\/index.php?rest_route=\/wp\/v2\/pages\/21","targetHints":{"allow":["GET"]}}],"collection":[{"href":"https:\/\/www.laerkehoej.dk\/index.php?rest_route=\/wp\/v2\/pages"}],"about":[{"href":"https:\/\/www.laerkehoej.dk\/index.php?rest_route=\/wp\/v2\/types\/page"}],"author":[{"embeddable":true,"href":"https:\/\/www.laerkehoej.dk\/index.php?rest_route=\/wp\/v2\/users\/12"}],"replies":[{"embeddable":true,"href":"https:\/\/www.laerkehoej.dk\/index.php?rest_route=%2Fwp%2Fv2%2Fcomments&post=21"}],"version-history":[{"count":41,"href":"https:\/\/www.laerkehoej.dk\/index.php?rest_route=\/wp\/v2\/pages\/21\/revisions"}],"predecessor-version":[{"id":1146,"href":"https:\/\/www.laerkehoej.dk\/index.php?rest_route=\/wp\/v2\/pages\/21\/revisions\/1146"}],"wp:attachment":[{"href":"https:\/\/www.laerkehoej.dk\/index.php?rest_route=%2Fwp%2Fv2%2Fmedia&parent=21"}],"curies":[{"name":"wp","href":"https:\/\/api.w.org\/{rel}","templated":true}]}}