{"id":346,"date":"2015-07-02T15:24:06","date_gmt":"2015-07-02T13:24:06","guid":{"rendered":"http:\/\/laerkehoej.dk\/?page_id=346"},"modified":"2024-03-21T12:35:24","modified_gmt":"2024-03-21T11:35:24","slug":"akutboliger","status":"publish","type":"page","link":"https:\/\/www.laerkehoej.dk\/?page_id=346","title":{"rendered":"Akutboliger"},"content":{"rendered":"<div class=\"wpb-content-wrapper\"><div style=\"position: absolute; top: -19999px; left: -19999px;\"><\/div>\n[vc_row full_width=&#8221;&#8221; parallax=&#8221;&#8221; parallax_image=&#8221;&#8221; visibility=&#8221;&#8221; css_animation=&#8221;&#8221; center_row=&#8221;&#8221; typography_style=&#8221;&#8221; column_spacing=&#8221;&#8221; tablet_fullwidth_cols=&#8221;&#8221; bg_style=&#8221;&#8221; parallax_mobile=&#8221;&#8221; parallax_style=&#8221;&#8221; parallax_direction=&#8221;&#8221; video_bg=&#8221;&#8221; video_bg_overlay=&#8221;&#8221; border_style=&#8221;&#8221;][vc_column width=&#8221;1\/1&#8243; style=&#8221;&#8221; visibility=&#8221;&#8221; css_animation=&#8221;&#8221; typo_style=&#8221;&#8221; drop_shadow=&#8221;&#8221; bg_style=&#8221;&#8221; border_style=&#8221;&#8221;][vc_column_text]<a href=\"https:\/\/laerkehoej.dk\/wp-content\/uploads\/2015\/08\/20150108TB_Herberger11.jpg\"><img loading=\"lazy\" decoding=\"async\" class=\"alignnone wp-image-319 size-full\" src=\"https:\/\/www.laerkehoej.dk\/wp-content\/uploads\/2015\/08\/20150108TB_Herberger11.jpg\" alt=\"Akutboliger\" width=\"1200\" height=\"500\" srcset=\"https:\/\/www.laerkehoej.dk\/wp-content\/uploads\/2015\/08\/20150108TB_Herberger11.jpg 1200w, https:\/\/www.laerkehoej.dk\/wp-content\/uploads\/2015\/08\/20150108TB_Herberger11-300x125.jpg 300w, https:\/\/www.laerkehoej.dk\/wp-content\/uploads\/2015\/08\/20150108TB_Herberger11-1024x427.jpg 1024w\" sizes=\"auto, (max-width: 1200px) 100vw, 1200px\" \/><\/a><\/p>\n<p>Akutboligerne under L\u00e6rkeh\u00f8j er etableret i seks sm\u00e5 etv\u00e6relseslejligheder i det almennyttige boligbyggeri p\u00e5 Frederiksberg, hvor du kan bo \u2013 som udgangspunkt i fire til seks m\u00e5neder. Akutboligerne fungerer i princippet som almindelige herbergspladser (\u00a7 110 i Serviceloven), og du betaler en d\u00f8gntakst p\u00e5 101 kr. for opholdet.<\/p>\n<p>For at komme i betragtning til et midlertidigt ophold i en akutbolig, skal du henvende dig til herberget L\u00e6rkeh\u00f8j eller <a href=\"https:\/\/www.laerkehoej.dk\/?page_id=348\">Carpe Diem<\/a>. Om du kan f\u00e5 tilbudt en akutbolig, og hvor l\u00e6nge du kan bo der, afg\u00f8res af Herberget L\u00e6rkeh\u00f8j i samarbejde med Carpe Diem \u2013\u00a0ud fra en konkret, individuel vurdering. Typisk er det beboere fra Herberget eller brugere af Natvarmestuen, der flytter ud i akutboligerne.<\/p>\n<p>N\u00e5r du bor i en akutbolig, f\u00e5r du en st\u00f8tte-\/kontaktperson, der tilbyder fleksibel bost\u00f8tte et antal timer hver uge.\u00a0Hvis du har brug for at vide mere om tilbuddets indhold eller visitationen, kan du ringe til L\u00e6rkeh\u00f8j p\u00e5 tlf. 38 32 32 00.[\/vc_column_text][\/vc_column][\/vc_row]\n<\/div>","protected":false},"excerpt":{"rendered":"<p>[vc_row full_width=&#8221;&#8221; parallax=&#8221;&#8221; parallax_image=&#8221;&#8221; visibility=&#8221;&#8221; css_animation=&#8221;&#8221; center_row=&#8221;&#8221; typography_style=&#8221;&#8221; column_spacing=&#8221;&#8221; tablet_fullwidth_cols=&#8221;&#8221; bg_style=&#8221;&#8221; parallax_mobile=&#8221;&#8221; parallax_style=&#8221;&#8221; parallax_direction=&#8221;&#8221; video_bg=&#8221;&#8221; video_bg_overlay=&#8221;&#8221; border_style=&#8221;&#8221;][vc_column width=&#8221;1\/1&#8243; style=&#8221;&#8221; visibility=&#8221;&#8221; css_animation=&#8221;&#8221; typo_style=&#8221;&#8221; drop_shadow=&#8221;&#8221; bg_style=&#8221;&#8221; border_style=&#8221;&#8221;][vc_column_text] Akutboligerne under L\u00e6rkeh\u00f8j er etableret i seks sm\u00e5 etv\u00e6relseslejligheder i det almennyttige boligbyggeri p\u00e5 Frederiksberg,&hellip;<\/p>\n","protected":false},"author":3,"featured_media":0,"parent":324,"menu_order":1,"comment_status":"closed","ping_status":"closed","template":"","meta":{"footnotes":""},"class_list":["post-346","page","type-page","status-publish","hentry"],"_links":{"self":[{"href":"https:\/\/www.laerkehoej.dk\/index.php?rest_route=\/wp\/v2\/pages\/346","targetHints":{"allow":["GET"]}}],"collection":[{"href":"https:\/\/www.laerkehoej.dk\/index.php?rest_route=\/wp\/v2\/pages"}],"about":[{"href":"https:\/\/www.laerkehoej.dk\/index.php?rest_route=\/wp\/v2\/types\/page"}],"author":[{"embeddable":true,"href":"https:\/\/www.laerkehoej.dk\/index.php?rest_route=\/wp\/v2\/users\/3"}],"replies":[{"embeddable":true,"href":"https:\/\/www.laerkehoej.dk\/index.php?rest_route=%2Fwp%2Fv2%2Fcomments&post=346"}],"version-history":[{"count":21,"href":"https:\/\/www.laerkehoej.dk\/index.php?rest_route=\/wp\/v2\/pages\/346\/revisions"}],"predecessor-version":[{"id":1099,"href":"https:\/\/www.laerkehoej.dk\/index.php?rest_route=\/wp\/v2\/pages\/346\/revisions\/1099"}],"up":[{"embeddable":true,"href":"https:\/\/www.laerkehoej.dk\/index.php?rest_route=\/wp\/v2\/pages\/324"}],"wp:attachment":[{"href":"https:\/\/www.laerkehoej.dk\/index.php?rest_route=%2Fwp%2Fv2%2Fmedia&parent=346"}],"curies":[{"name":"wp","href":"https:\/\/api.w.org\/{rel}","templated":true}]}}