{"id":348,"date":"2015-07-02T15:25:47","date_gmt":"2015-07-02T13:25:47","guid":{"rendered":"http:\/\/laerkehoej.dk\/?page_id=348"},"modified":"2024-03-21T12:39:28","modified_gmt":"2024-03-21T11:39:28","slug":"carpe-diem","status":"publish","type":"page","link":"https:\/\/www.laerkehoej.dk\/?page_id=348","title":{"rendered":"Carpe Diem"},"content":{"rendered":"<p><a href=\"http:\/\/laerkehoej.dk\/wp-content\/uploads\/2015\/08\/LH-Carpe-Diem-OK-billeder-08-041-1.jpg\"><img loading=\"lazy\" decoding=\"async\" class=\"alignnone wp-image-320 size-full\" src=\"http:\/\/laerkehoej.dk\/wp-content\/uploads\/2015\/08\/LH-Carpe-Diem-OK-billeder-08-041-1.jpg\" alt=\"Carpe Diem\" width=\"1200\" height=\"500\" srcset=\"https:\/\/www.laerkehoej.dk\/wp-content\/uploads\/2015\/08\/LH-Carpe-Diem-OK-billeder-08-041-1.jpg 1200w, https:\/\/www.laerkehoej.dk\/wp-content\/uploads\/2015\/08\/LH-Carpe-Diem-OK-billeder-08-041-1-300x125.jpg 300w, https:\/\/www.laerkehoej.dk\/wp-content\/uploads\/2015\/08\/LH-Carpe-Diem-OK-billeder-08-041-1-1024x427.jpg 1024w\" sizes=\"auto, (max-width: 1200px) 100vw, 1200px\" \/><\/a><\/p>\n<p>Carpe Diem er et tilbud til brugerne af L\u00e6rkeh\u00f8js Natvarmestue samt andre hjeml\u00f8se \u2013\u00a0ogs\u00e5 dem, der i lang tid ikke har s\u00f8gt hj\u00e6lp i de etablerede tilbud.<\/p>\n<div style=\"position: absolute; top: -19999px; left: -19999px;\"><\/div>\n<p>Carpe Diem tilbyder dig st\u00f8tte og vejledning til at navigere i det sociale hj\u00e6lpesystem. Det kan fx v\u00e6re kontakt til kommunen, andre botilbud eller sundhedsv\u00e6senet.<\/p>\n<p>M\u00e5let er at st\u00f8tte dig til at komme videre i den retning, du selv \u00f8nsker for dit eget liv.<\/p>\n<p>Carpe Diem holder til p\u00e5 L\u00e6rkeh\u00f8j i Natvarmestuens lokaler. P\u00e5 den m\u00e5de er vi med til at bygge bro mellem Natvarmestuen, herberget, akutboligerne og andre relevante tilbud.<\/p>\n<p>Du kan m\u00f8de os p\u00e5 hverdage fra kl. 7.30-11.<\/p>\n<p>&nbsp;<\/p>\n","protected":false},"excerpt":{"rendered":"<p>Carpe Diem er et tilbud til brugerne af L\u00e6rkeh\u00f8js Natvarmestue samt andre hjeml\u00f8se \u2013\u00a0ogs\u00e5 dem, der i lang tid ikke har s\u00f8gt hj\u00e6lp i de etablerede tilbud. Carpe Diem tilbyder dig st\u00f8tte og vejledning til at navigere i det sociale&hellip;<\/p>\n","protected":false},"author":3,"featured_media":0,"parent":0,"menu_order":0,"comment_status":"closed","ping_status":"closed","template":"","meta":{"footnotes":""},"class_list":["post-348","page","type-page","status-publish","hentry"],"_links":{"self":[{"href":"https:\/\/www.laerkehoej.dk\/index.php?rest_route=\/wp\/v2\/pages\/348","targetHints":{"allow":["GET"]}}],"collection":[{"href":"https:\/\/www.laerkehoej.dk\/index.php?rest_route=\/wp\/v2\/pages"}],"about":[{"href":"https:\/\/www.laerkehoej.dk\/index.php?rest_route=\/wp\/v2\/types\/page"}],"author":[{"embeddable":true,"href":"https:\/\/www.laerkehoej.dk\/index.php?rest_route=\/wp\/v2\/users\/3"}],"replies":[{"embeddable":true,"href":"https:\/\/www.laerkehoej.dk\/index.php?rest_route=%2Fwp%2Fv2%2Fcomments&post=348"}],"version-history":[{"count":9,"href":"https:\/\/www.laerkehoej.dk\/index.php?rest_route=\/wp\/v2\/pages\/348\/revisions"}],"predecessor-version":[{"id":1100,"href":"https:\/\/www.laerkehoej.dk\/index.php?rest_route=\/wp\/v2\/pages\/348\/revisions\/1100"}],"wp:attachment":[{"href":"https:\/\/www.laerkehoej.dk\/index.php?rest_route=%2Fwp%2Fv2%2Fmedia&parent=348"}],"curies":[{"name":"wp","href":"https:\/\/api.w.org\/{rel}","templated":true}]}}