{"id":355,"date":"2015-07-02T15:40:00","date_gmt":"2015-07-02T13:40:00","guid":{"rendered":"http:\/\/laerkehoej.dk\/?page_id=355"},"modified":"2025-01-03T14:22:31","modified_gmt":"2025-01-03T13:22:31","slug":"saadan-faar-du-plads","status":"publish","type":"page","link":"https:\/\/www.laerkehoej.dk\/?page_id=355","title":{"rendered":"S\u00e5dan f\u00e5r du plads"},"content":{"rendered":"<div class=\"wpb-content-wrapper\">[vc_row][vc_column][vc_column_text]\n<div style=\"position: absolute; top: -19999px; left: -19999px;\"><\/div>\n<p>L\u00e6rkeh\u00f8js herberg er et tilbud til hjeml\u00f8se m\u00e6nd og kvinder over 18 \u00e5r med sociale problemer, som ogs\u00e5 har et misbrug og\/eller psykiske problemer.<\/p>\n<p>Hvis du \u00f8nsker at komme i betragtning til et v\u00e6relse, skal du kontakte Herberget. Du kan enten ringe eller m\u00f8de op. Du kan ogs\u00e5 blive henvist fra egen l\u00e6ge, sygehus, socialr\u00e5dgiver, behandler, kriminalforsorg eller andre kontaktpersoner.<\/p>\n<p>Hvis vi ikke umiddelbart kan tilbyde dig en plads, pr\u00f8ver vi at hj\u00e6lpe dig videre p\u00e5 anden vis \u2013\u00a0fx til et andet botilbud. Du har ogs\u00e5 mulighed for at benytte vores natvarmestue i en periode.<\/p>\n<p>F\u00f8r du kan flytte ind, kommer du til en samtale. Her finder vi ud af, hvilken m\u00e5lgruppe du h\u00f8rer til og vurderer dine akutte behov for st\u00f8tte.<\/p>\n<p>I 2025 koster det 104,80 kr. per d\u00f8gn at bo her.[\/vc_column_text][\/vc_column][\/vc_row]\n<\/div>","protected":false},"excerpt":{"rendered":"<p>[vc_row][vc_column][vc_column_text] L\u00e6rkeh\u00f8js herberg er et tilbud til hjeml\u00f8se m\u00e6nd og kvinder over 18 \u00e5r med sociale problemer, som ogs\u00e5 har et misbrug og\/eller psykiske problemer. Hvis du \u00f8nsker at komme i betragtning til et v\u00e6relse, skal du kontakte Herberget. Du&hellip;<\/p>\n","protected":false},"author":3,"featured_media":0,"parent":324,"menu_order":2,"comment_status":"closed","ping_status":"closed","template":"","meta":{"footnotes":""},"class_list":["post-355","page","type-page","status-publish","hentry"],"_links":{"self":[{"href":"https:\/\/www.laerkehoej.dk\/index.php?rest_route=\/wp\/v2\/pages\/355","targetHints":{"allow":["GET"]}}],"collection":[{"href":"https:\/\/www.laerkehoej.dk\/index.php?rest_route=\/wp\/v2\/pages"}],"about":[{"href":"https:\/\/www.laerkehoej.dk\/index.php?rest_route=\/wp\/v2\/types\/page"}],"author":[{"embeddable":true,"href":"https:\/\/www.laerkehoej.dk\/index.php?rest_route=\/wp\/v2\/users\/3"}],"replies":[{"embeddable":true,"href":"https:\/\/www.laerkehoej.dk\/index.php?rest_route=%2Fwp%2Fv2%2Fcomments&post=355"}],"version-history":[{"count":17,"href":"https:\/\/www.laerkehoej.dk\/index.php?rest_route=\/wp\/v2\/pages\/355\/revisions"}],"predecessor-version":[{"id":1112,"href":"https:\/\/www.laerkehoej.dk\/index.php?rest_route=\/wp\/v2\/pages\/355\/revisions\/1112"}],"up":[{"embeddable":true,"href":"https:\/\/www.laerkehoej.dk\/index.php?rest_route=\/wp\/v2\/pages\/324"}],"wp:attachment":[{"href":"https:\/\/www.laerkehoej.dk\/index.php?rest_route=%2Fwp%2Fv2%2Fmedia&parent=355"}],"curies":[{"name":"wp","href":"https:\/\/api.w.org\/{rel}","templated":true}]}}