{"id":38,"date":"2015-07-11T11:33:02","date_gmt":"2015-07-11T09:33:02","guid":{"rendered":"http:\/\/laerkehoej.dk\/?page_id=38"},"modified":"2024-03-21T12:42:13","modified_gmt":"2024-03-21T11:42:13","slug":"ledelse","status":"publish","type":"page","link":"https:\/\/www.laerkehoej.dk\/?page_id=38","title":{"rendered":"Ledelse"},"content":{"rendered":"<p>Herberget er tilknyttet Herbergerne p\u00e5 Frederiksberg [Den selvejende institution Lindevangen] sammen med herberget Lindevangen. De to herberger har en f\u00e6lles bestyrelse.\u00a0L\u00e6s mere om <a href=\"http:\/\/herfred.dk\/\" target=\"_blank\" rel=\"noopener\">Herbergerne p\u00e5 Frederiksberg<\/a>.<u><\/u><\/p>\n<p>L\u00e6rkeh\u00f8js daglige leder:<br \/>\nMarie Louise Damgaard: 21 45 40 25, <a href=\"maried@laerkehoej.dk\">maried@laerkehoej.dk<\/a><\/p>\n<p>Herbergerne p\u00e5 Frederiksbergs forstander:<br \/>\nS\u00f8ren Romar: 40 15 20 45, <a href=\"mailto:romar@lindevangen.dk\" target=\"_blank\" rel=\"noopener\">romar@lindevangen.dk<\/a><\/p>\n","protected":false},"excerpt":{"rendered":"<p>Herberget er tilknyttet Herbergerne p\u00e5 Frederiksberg [Den selvejende institution Lindevangen] sammen med herberget Lindevangen. De to herberger har en f\u00e6lles bestyrelse.\u00a0L\u00e6s mere om Herbergerne p\u00e5 Frederiksberg. L\u00e6rkeh\u00f8js daglige leder: Marie Louise Damgaard: 21 45 40 25, maried@laerkehoej.dk Herbergerne p\u00e5 Frederiksbergs&hellip;<\/p>\n","protected":false},"author":12,"featured_media":0,"parent":8,"menu_order":2,"comment_status":"closed","ping_status":"closed","template":"","meta":{"footnotes":""},"class_list":["post-38","page","type-page","status-publish","hentry"],"_links":{"self":[{"href":"https:\/\/www.laerkehoej.dk\/index.php?rest_route=\/wp\/v2\/pages\/38","targetHints":{"allow":["GET"]}}],"collection":[{"href":"https:\/\/www.laerkehoej.dk\/index.php?rest_route=\/wp\/v2\/pages"}],"about":[{"href":"https:\/\/www.laerkehoej.dk\/index.php?rest_route=\/wp\/v2\/types\/page"}],"author":[{"embeddable":true,"href":"https:\/\/www.laerkehoej.dk\/index.php?rest_route=\/wp\/v2\/users\/12"}],"replies":[{"embeddable":true,"href":"https:\/\/www.laerkehoej.dk\/index.php?rest_route=%2Fwp%2Fv2%2Fcomments&post=38"}],"version-history":[{"count":14,"href":"https:\/\/www.laerkehoej.dk\/index.php?rest_route=\/wp\/v2\/pages\/38\/revisions"}],"predecessor-version":[{"id":996,"href":"https:\/\/www.laerkehoej.dk\/index.php?rest_route=\/wp\/v2\/pages\/38\/revisions\/996"}],"up":[{"embeddable":true,"href":"https:\/\/www.laerkehoej.dk\/index.php?rest_route=\/wp\/v2\/pages\/8"}],"wp:attachment":[{"href":"https:\/\/www.laerkehoej.dk\/index.php?rest_route=%2Fwp%2Fv2%2Fmedia&parent=38"}],"curies":[{"name":"wp","href":"https:\/\/api.w.org\/{rel}","templated":true}]}}

<p>Herberget er tilknyttet Herbergerne på Frederiksberg [Den selvejende institution Lindevangen] sammen med herberget Lindevangen. De to herberger har en fælles bestyrelse. Læs mere om <a href="http://herfred.dk/" target="_blank" rel="noopener">Herbergerne på Frederiksberg</a>.<u></u></p>
<p>Lærkehøjs daglige leder:<br />
Marie Louise Damgaard: 21 45 40 25, <a href="maried@laerkehoej.dk">maried@laerkehoej.dk</a></p>
<p>Herbergerne på Frederiksbergs forstander:<br />
Søren Romar: 40 15 20 45, <a href="mailto:romar@lindevangen.dk" target="_blank" rel="noopener">romar@lindevangen.dk</a></p>

<p>Herberget er tilknyttet Herbergerne på Frederiksberg [Den selvejende institution Lindevangen] sammen med herberget Lindevangen. De to herberger har en fælles bestyrelse. Læs mere om Herbergerne på Frederiksberg. Lærkehøjs daglige leder: Marie Louise Damgaard: 21 45 40 25, maried@laerkehoej.dk Herbergerne på Frederiksbergs&hellip;</p>
